 digit of ((2*30)/1)/(4/r)?
0
What is the hundreds digit of -2849*22*((-170)/(-20) - 9)?
3
Suppose -4840 = -101*l + 74*l + 11819. What is the hundreds digit of l?
6
Let s(w) = 3*w**2 + 38*w + 36. Let m be s(-12). What is the hundreds digit of -3*m/(-126) - (-11775)/21?
5
Let j(b) be the first derivative of -b**6/360 + b**5/15 + 11*b**4/24 + 6*b**3 - 9. Let h(f) be the third derivative of j(f). What is the units digit of h(8)?
1
Let m be ((-24)/(-20))/(14211/(-4740) - -3). Suppose 1663 = 4*i + 5*v, 5*i - 2683 = 3*v - m. What is the hundreds digit of i?
4
What is the units digit of 6038*((-2)/(-9) + 105/135)?
8
Let v(c) = c**3 + 32*c**2 + 4*c - 110. Let b be v(-30). Suppose -b = -6*p + 6194. What is the units digit of p?
4
Let m = -135 + 201. Suppose -7*n - 38 = 74. Let l = m - n. What is the units digit of l?
2
Let r = -7744 + 7844. What is the hundreds digit of r?
1
What is the tens digit of (-9687712)/(-160) - 18/15?
4
Suppose -w - 14 = -m + 2*w, 2*w + 21 = 3*m. Suppose -m*r = -59*r + 4050. What is the units digit of r?
5
Let m = -1035 + 1483. Suppose -2*t + m = 2*d, 0*t = 5*t + 4*d - 1123. What is the hundreds digit of t?
2
Suppose 14*l - 2*l - 48 = 0. Suppose -3*c - 2 = -l*c. Suppose 3*s + 3 = c*x, 5*s = -x - 0*x + 21. What is the units digit of x?
6
Let n = -24038 - -49967. What is the units digit of n?
9
Let u be ((-18)/(-36))/((-1)/(-62)). Suppose 0 = -3*h + u + 38. Suppose -6*w - h = -227. What is the tens digit of w?
3
Let b(q) be the first derivative of q**4/4 - 5*q**3 - 12*q**2 + 23*q + 46. What is the hundreds digit of b(17)?
1
Let o = 285 - 280. Suppose 5*z + x - 6*x = 325, z - o*x = 77. What is the units digit of z?
2
Let o = 1407 - -1652. Suppose -3055*s = -o*s + 4568. What is the tens digit of s?
4
Let l(m) = -m**2 - 12*m - 13. Let q be l(-11). Suppose 2*c - 30*j = -33*j - 13, 0 = -5*c + 3*j - 1. What is the tens digit of (-3)/q*(c - -4) + 92?
9
Suppose -5*l + 28 = -3*t - l, -5*l = -t - 2. Let k(d) = d**3 + 11*d**2 - 12*d + 4. Let s be k(t). What is the hundreds digit of (-1)/((s/234)/(-13 - -11))?
1
Suppose -5*z = y - 904, z - 3*y = -60 + 228. What is the tens digit of (1 + -204)*z/(-42)?
7
Let b(t) = 2*t**3 - 2*t**2 + 6*t + 4210. What is the thousands digit of b(0)?
4
Let y be (-2)/((-1376)/3540 - 10/(-25)). Let f = -109 - y. What is the units digit of f?
8
Let x(b) = 3*b**3 - 11*b**2 + 21*b - 3. Suppose 0 = s + 4*o - 10, -5*o + 1 + 4 = 0. What is the tens digit of x(s)?
7
Let s(y) = -1626*y + 4242. What is the thousands digit of s(-53)?
0
Let p = -9 + 15. Let y(d) = d**2 + 215*d - 220*d - 2 - p. What is the units digit of y(-6)?
8
Suppose 3*k + 85050 = 4*a + 5*k, 63740 = 3*a + 11*k. What is the ten thousands digit of a?
2
Let z(f) = -78*f**3 - 10*f**2 + 5*f + 6. Let u be z(3). Let a = u + 3136. What is the tens digit of a?
6
Suppose -2*h + 21 = 13. Suppose h*s = 2*p - 902, 2*p - 2*s = 5*p - 1321. Suppose 0 = -3*o - 4*c + 463, -p = -3*o + 3*c - 2*c. What is the hundreds digit of o?
1
Suppose 0*v + 2*v = -1808. Let g = v + 1512. Suppose 0 = -11*d + 481 + g. What is the units digit of d?
9
Let f(r) be the first derivative of 10*r**2 - 2*r + 2. Let m be f(-4). Let c = -57 - m. What is the tens digit of c?
2
Suppose 53*a - 52*a - 1 = 0. Let u be 2*21/(-24) + a/(-4). What is the units digit of (-52 - -2)*(u - 0) + 1?
1
What is the thousands digit of (0 - -19)/((-14)/(-1476 - 8))?
2
Let j be (6/15 - (-1059)/15) + -2. Suppose -j*l + 72*l = 186. Let h = -44 + l. What is the tens digit of h?
1
Let u(m) be the second derivative of m**4/2 + 5*m**3/3 + 4*m**2 - 10*m. Let l = -131 + 126. What is the units digit of u(l)?
8
Let a(h) = h**2 - 28*h - 35. Let q be a(30). Suppose q*c - 3*m - 525 = 24*c, 0 = -c - 5*m + 509. What is the hundreds digit of c?
5
Let o be 0/((-32)/(-24)*-3). Suppose o = 5*b - 3*y - 269, -10*y + 14*y - 8 = 0. What is the units digit of b?
5
Suppose -6*k = -7*k + 9. Suppose -34 = k*p - 97. Let i(u) = 30*u - 20. What is the units digit of i(p)?
0
Suppose 0 = 5*o + 3*q - 11942, -5*q + 3382 = o + 998. Suppose -43*w = -40*w - 2*t - o, 5*t = 4*w - 3197. What is the tens digit of w?
9
Suppose -1 = 3*l + 155. Let c be 9/(-3) + (-13)/(l/(-816)). Let s = -136 - c. What is the tens digit of s?
7
Suppose -5*n = -3*h - 84, 2*n = -3*n - 4*h + 98. Suppose 0 = 3*o - 5*k - n - 13, 2*k = 4*o - 60. Suppose -3581 = -o*d + 91. What is the hundreds digit of d?
2
Suppose 3*k + 4 + 21 = -5*s, 2*k + 3*s = -15. Suppose k = -6*p + 1217 + 781. What is the units digit of p?
3
Suppose 0 = i + 4*o - 1, -5*o = -i - 0*i + 46. Let j(y) = y**3 - 15*y**2 - 77*y - 51. What is the tens digit of j(i)?
7
What is the tens digit of (44/(-88))/((-1)/(-22484)*-2)?
2
Let d(m) = -4*m**2 - 41*m. Let p be d(-10). Let g(b) = 45*b + 10. Let q be g(p). Let s = -329 + q. What is the units digit of s?
1
Suppose -14*c = -141 + 43. Suppose -2205 - 1953 = -c*r. What is the hundreds digit of r?
5
Suppose 360 = t + 350. What is the tens digit of 19064/t - (-7 + (-370)/(-50))?
0
Suppose -v + 15 = 4. Suppose v + 19 = 2*q. Suppose g - q = -2*g. What is the units digit of g?
5
Let l(m) = 3*m**3 + 10*m**2 - 18*m - 83. Let z be l(-5). Suppose 5*r = 5*t - 905, t - 3*r - 181 = -r. Let j = t + z. What is the units digit of j?
3
Suppose -7779 - 36509 = -8*t. What is the units digit of t?
6
Let o(k) = 2*k**3 - 6*k**2 - 8*k. Let m be o(4). Suppose -4*z + z + 1515 = m. What is the units digit of z?
5
Suppose 76*u - 73*u - 9198 = 0. Suppose 15*c - u = c. Let v = 339 - c. What is the hundreds digit of v?
1
Suppose -9*l + 32 + 40 = 0. What is the thousands digit of 1*((-4352)/(-4) + l)?
1
Let f(v) = -v**3 + 34*v**2 - 65*v. Let y be f(32). Let a(j) = 4*j + 254. What is the units digit of a(y)?
6
Let j(v) = 15*v - 86. Let d = -21 - -37. What is the units digit of j(d)?
4
Let r = 270 - 231. What is the hundreds digit of 910/r*(-39)/(-2)?
4
Let y(z) = -6*z**3 + 21*z**2 - 10*z + 9. Let d be y(7). Let s = 2478 + d. What is the tens digit of s?
8
Suppose n + 55 - 169 = 0. Let y be ((-2725)/(-50))/(2/(-4)). Let s = n + y. What is the units digit of s?
5
Let m(t) = 21*t - 8*t - 6 - 4 + 11*t. Let j be m(1). What is the tens digit of -4 - (j - 16)*63/2?
5
Let x = 32567 - 22203. What is the thousands digit of x?
0
Suppose -39786 = -115*j + 113*j - 4*r, 0 = 3*j + 2*r - 59695. What is the units digit of j?
1
Let c(q) = 155*q + 43. Let k be c(3). Let y = -238 + k. What is the hundreds digit of y?
2
Let u(d) = d**2 + 3*d. Let p be u(-3). Suppose -2*h + 2 = -p. Let y(l) = 111*l**3 - 3*l + 2. What is the units digit of y(h)?
0
Suppose -3*m + 385 = -1418. Suppose -2*g + m = 27. What is the units digit of g?
7
Suppose -b = -2*t + 32149, 3*t + 0*b - 48226 = b. What is the ten thousands digit of t?
1
What is the hundreds digit of 60/(-2560)*-16 + (-63445)/(-8)?
9
Let w be 1/2*(-584 + 4)/(-5). Let j = w - -193. What is the hundreds digit of j?
2
Suppose 361*n + 447*n = 179*n + 5609422. What is the thousands digit of n?
8
Let p(z) = -z**2 + 4*z + 5. Let m be p(5). Suppose 0 = q - m - 4. What is the units digit of ((-3)/q)/((-3)/168)?
2
Suppose 3*j - 20 = -5*a, 0 = 2*a - j + 1 - 9. Suppose 0 = 2*i - 2*x - 219 - 39, a*i - 510 = -2*x. What is the hundreds digit of i?
1
Let g = 578 + -386. Let t = g - -357. What is the units digit of t?
9
Suppose -30 = -5*g + 6*q - 2*q, 5*q - 18 = -3*g. Let m(s) = s**3 - 6*s + 24. What is the hundreds digit of m(g)?
2
Suppose 24 = 3*j, -167*p + 165*p - j + 39140 = 0. What is the thousands digit of p?
9
Suppose 14*u - 4989 = -131. Let v = 997 - u. What is the units digit of v?
0
Let w(t) = -t**2 + 3*t + 4. Let z be w(0). Suppose 2*l = -5*j + 182, -9*l + 4*j + 422 = -z*l. What is the tens digit of l?
8
Let p(k) = 4 + 2*k - k**2 + 0*k**2 - 3 + 2. Let f be p(3). Suppose -304 = -f*l - 4*l. What is the units digit of l?
6
Let x(j) = j**3 - 15*j**2 + 18*j. Let m be x(14). Suppose -n - 3*n = -2*o + m, n + 105 = 4*o. What is the tens digit of o*(5/(-7))/((-14)/49)?
6
Let n = 23767 + -8600. What is the thousands digit of n?
5
Let w = -74 - -45. Let d(r) = -8*r - 192. What is the tens digit of d(w)?
4
Let v(u) = u**2 + 16*u + 24. Let t be v(-14). Let o be (-6486)/t + (-9)/6. Suppose -2*r = -11*r + o. What is the hundreds digit of r?
1
Suppose 0 = -o, y - 5*o = 4*y - 9. Let p be 2 - (-54)/(-1